(u) = 3*w(u) + 2*y(u). Give n(-1).
1
Let j be (-6)/9 - (-8)/3. Let b be ((-3)/j)/((-3)/4). Let y(z) = z - 6*z**b + 7*z**2 + 3*z - 2. Give y(-5).
3
Let z(q) = 14 - 2*q - 6*q + 16 + q**2 - 37. Determine z(9).
2
Suppose -6*a = -2*a. Let b be a/(2 - 0 - 3). Let c = b - 2. Let v(q) = -q**3 + 4*q + 3. What is v(c)?
3
Let f(m) = 15*m + 5. Let y(t) = -t - 1. Let k(d) = f(d) + 6*y(d). Let v = 1 + 0. What is k(v)?
8
Let a(c) be the second derivative of c**7/840 - c**6/90 - c**5/40 - c**4/6 - c**3/3 - 3*c. Let m(g) be the second derivative of a(g). Calculate m(5).
6
Let v(l) = 5*l - 14*l + 8*l**2 + 2*l - l**3. Give v(7).
0
Let f(z) = 0 - 13 + z + 21. Calculate f(-7).
1
Let t(y) = -4*y - 2*y**3 + 119*y**2 - 7 + 0 - 122*y**2 + 3*y**3. Calculate t(5).
23
Let r be (-11 + 21)*16/(-20). Let y(w) be the third derivative of w**6/120 + 7*w**5/60 - w**4/3 + w**3 + w**2. Calculate y(r).
6
Let a(l) = 7*l**3 + 6*l**2 - 7*l - 14. Let q(j) = -8*j**3 - 7*j**2 + 8*j + 15. Let g(n) = 7*a(n) + 6*q(n). Give g(0).
-8
Let y(h) = 1 + 2 + h - 3*h - h**3 - 5*h**2. Suppose -2*a + 10*s - 5*s = -2, -5*a + 2*s = 16. What is y(a)?
-5
Let w(h) = h**3 + h**2 - 2*h - 1. Suppose -4*l = -115 - 77. Let m be (-2)/9 + l/(-27). Let k be w(m). Let i(d) = -d - 1. Give i(k).
0
Let m(z) = -z**2 + 4*z + 7. Let b be m(5). Let c(w) = b*w**2 - 3 - w**2 - 2*w + 4 - 2*w**3 + 4*w. Give c(2).
-7
Let k(g) = g**3 + 3*g**2 - g - 2. Let a(m) = -4*m + 1. Let c(r) = -r + 7. Let j(l) = l**2 + 3*l + 2. Let p be j(-4). Let b be c(p). Let d be a(b). What is k(d)?
1
Suppose 4*c - 26 = 5*j - 4, -5*j - 25 = -5*c. Let w(z) = -10*z - 1. What is w(j)?
19
Let y(u) = 2*u - 3. Suppose 2*s + 0 + 6 = 0. Give y(s).
-9
Let g(o) = 2*o. Let i(u) = -u**2 - 8*u - 1. Let f be i(-7). Give g(f).
12
Let p(k) = -k**2 - 6*k - 4. Let j(d) = 3*d**2 + 17*d + 11. Let i(n) = 2*j(n) + 7*p(n). Let f = -11 + 5. Give i(f).
6
Let v(p) = -4*p - 13 + 21 - 10 - 2*p**2. Determine v(-2).
-2
Suppose 3*o = -42 + 12. Let v = 6 + o. Let c(f) = -2*f + 3*f + 0*f. Determine c(v).
-4
Let l(p) be the third derivative of p**5/60 + 5*p**4/24 - p**3/6 - p**2. Suppose 0 = -3*s - 7 - 8. Determine l(s).
-1
Let j(x) be the third derivative of x**5/30 - x**4/24 + 5*x**3/6 + 5*x**2. Let g(i) be the first derivative of j(i). Suppose -2*q + 5*q = 9. What is g(q)?
11
Let j(a) be the second derivative of a**4/12 + 2*a**3/3 + 6*a. Suppose 0*t + 2 = -g + t, -g + 2*t + 1 = 0. Give j(g).
5
Let w(y) = -y**3 + 6*y**2 - 6. Let i be 2 - (6 + 6/(-2)). Let q = i + 7. Give w(q).
-6
Let u be (1/(-2))/(1/(-14)). Suppose 3 + u = 2*j. Let o(v) = v**2 - 6*v + 1. Give o(j).
-4
Let g be 2/(-2 + 0) + 6. Suppose 4 = c + q + 3, 0 = -g*c - 2*q + 2. Suppose -z + 0*z + 4 = c. Let f(t) = -t**2 + 5*t - 2. Give f(z).
2
Suppose 3 = 3*c - 3. Let u(r) = -3*r - 4 + c*r - r + r. Calculate u(3).
-7
Let r be (-8)/20 - (-18)/(-5). Let y(i) = i**2 + 4*i - 2. Determine y(r).
-2
Let f(w) = -1 + 5*w**2 + 7 + 6*w + 0*w + 5*w. Let l(q) = -q**2 - q. Let o(g) = f(g) + 6*l(g). Give o(6).
0
Let z(w) = -2*w**2 + w**3 + 35*w - 35*w + 4. What is z(3)?
13
Let h(w) = -2*w. Let y(z) = 19*z + 1. Let p be y(-1). Let x = p + 10. Let r be (4/(x/6))/(-1). Calculate h(r).
-6
Let a(b) = 9*b - 18. Let o = 6 + 1. Let r(k) = -k - 1. Let h(s) = 14*s - 26. Let x(v) = h(v) + r(v). Let u(z) = o*a(z) - 5*x(z). Calculate u(6).
-3
Let j(z) = 3*z - 2. Let f = 42 + -45. Determine j(f).
-11
Let z = 5 - 3. Let o(h) = z*h - h + h**2 + 0*h**2 - 1. Let b be 12/(-5) - (-4)/10. What is o(b)?
1
Suppose -o - 12 = -4*o. Suppose -2*b + 0*b - 3*r + 5 = 0, 5*b = -o*r + 9. Suppose -x - x + t = 1, -3*x = -t + b. Let u(g) = g**3 + 1. Calculate u(x).
1
Let p(r) = -r**3 + r**2 - 3*r + 1. Let q(h) = 5*h - 2*h - 4 - 2*h. Let d be q(8). Suppose d = -2*j + 8. Calculate p(j).
-9
Let x(g) be the first derivative of -1/3*g**3 + 6*g - 5/2*g**2 + 1. Give x(-5).
6
Let y(q) = -21*q**2 - 25*q - 21. Let v(h) = -4*h**2 - 5*h - 4. Let w(d) = 11*v(d) - 2*y(d). Give w(-3).
-5
Let y(r) = r**3 - 4*r**2 + 3*r + 5. Let p(m) = 5*m**3 - 18*m**2 + 11*m + 20. Let v(h) = 2*p(h) - 9*y(h). Calculate v(-2).
-3
Let r(n) = -n**3 - n**2 + 3*n - 1. Let d be 1/(-3) + (-185)/(-15). Suppose 6 = -0*p + 2*p. Suppose -p*b - d = b. Calculate r(b).
8
Suppose 0*z = z - t, 10 = 5*z + 5*t. Let y(m) = 10*m**3 - 3*m**2 - 3*m - 2. Let k(v) = 21*v**3 - 7*v**2 - 7*v - 5. Let d(p) = 3*k(p) - 7*y(p). Calculate d(z).
-8
Let o(v) = -v**2 - 5*v + 6. Let y(g) = g**2 + 4*g - 5. Let a(m) = 3*o(m) + 4*y(m). Let r = -3 + 9. Let u be r/(-15) - 4/(-10). Give a(u).
-2
Let j(w) = -w + 9. Let m = 12 + -7. Suppose 0 = m*t - t - 16. What is j(t)?
5
Let z(d) = d**2 - 15*d - 20. Let i be z(16). Let j(l) = 5*l**2 - l - 4. Let q(x) = 11*x**2 - 2*x - 9. Let b(y) = i*q(y) + 9*j(y). Give b(0).
0
Let s(w) = 3*w - 6 - 8 + 9 - 2. What is s(6)?
11
Suppose -2*j = -32 + 18. Let z(s) = -s**3 + 7*s**2 + 1. Determine z(j).
1
Let k be (-10)/35 - 4/(-14). Let x(j) = j - 11. Determine x(k).
-11
Let s(y) = y**3 - 2*y**2. Let b be 6*(3 - 8/3). Suppose -b*c - 5*i = c - 16, 2 = i. Suppose -c*r + 2*q = -0*q + 4, q - 8 = -5*r. Determine s(r).
-1
Suppose 2*a - 5*f - 17 = 3*a, 0 = 5*f + 20. Let p(b) = b**3 + 6*b**2 - 6*b + 9. Let s be p(-7). Let c(n) = -2*n**2 + n + 3*n**2 + s*n - 2*n**2. Give c(a).
0
Let u(j) be the third derivative of 0 + 0*j + 1/120*j**6 + 0*j**3 + 5*j**2 - 1/10*j**5 + 1/6*j**4. Calculate u(5).
-5
Let n(u) be the third derivative of -u**5/60 - u**4/12 + u**3/6 - 2*u**2. Let d(v) be the first derivative of n(v). What is d(-2)?
2
Let k(x) = 18 - 13 + 5*x**2 + 15. Let j(v) = 2*v**2 + 7. Let l(s) = -8*j(s) + 3*k(s). What is l(0)?
4
Let c(v) = 3*v**3 - 7*v + 4*v + 1 + 2*v**2 - 2*v**3. Let x be 6*6/(-4) + 2. Let n = -10 - x. Calculate c(n).
1
Let w(b) = 3*b**2 - 7*b - 3 + 11*b + b**3 + 6. Let s be 4*12/(-32)*(-4)/(-3). Calculate w(s).
-1
Let d(b) = -2*b + 3. Let c be (4 - 3)/(2/(-10)). Let a be (9/c + 1)*-5. Give d(a).
-5
Let w(o) be the first derivative of o**2 - o - 1. Suppose -2 = h - p - 3, -4*h - 1 = p. Let c be 0 - h/(-3) - 3. Give w(c).
-7
Let f = 40 - 20. Suppose -3*k - 2*t - 2 - 2 = 0, 0 = 4*t + f. Let r be (1 - 2) + k + -6. Let o(i) = -i - 6. Calculate o(r).
-1
Let m = 2 - 0. Let j(r) = 0 - 1 - 23*r**2 - 4*r + 4 + 21*r**2. Give j(m).
-13
Let b(u) = -2*u**2 + u. Let x be 50/12 + 2/(-12). Suppose x*s = -5 + 1. What is b(s)?
-3
Suppose 0 = -5*a - 0*a + 25. Suppose a*f = 9 + 6. Let t(m) = 0*m**2 - m**2 - m**3 - 2*m**2 - f - m**2 - 5*m. Calculate t(-3).
3
Let s be (-21)/(-5) - (-4)/(-20). Let h(z) = 2*z**2 - 11*z + 1. Let l(a) = a**2 - 6*a + 1. Let r(o) = -4*h(o) + 7*l(o). What is r(s)?
-5
Let t(w) = -5*w - 4*w**2 + 7*w**3 + 2*w + 2*w - 8*w**3. Suppose 3*p - x + 14 = 0, 16 = -4*p + p + 2*x. What is t(p)?
4
Let t(g) = g**3 + 6*g**2 - 9*g + 1. Let i be t(-7). Suppose -5*a - i = -5*f, 4*a = -f - f. Let y(d) = 4*d - 3. Give y(f).
5
Let j(h) = -11*h**2 - 14*h - 3. Let d(g) = 5*g**2 + 7*g + 2. Let a(c) = -9*d(c) - 4*j(c). Let p be a(-5). Let b(o) = p - 5 + 0*o + 7*o. Give b(-1).
-8
Let t(u) = 12*u + 6. Let v(j) = -j - 1. Suppose 3*s - 4 = -1. Let m(o) = s*t(o) + 6*v(o). What is m(1)?
6
Let m(d) = 10*d**3 + 2*d**2 + d + 4*d**2 - 11*d**3 - 2 - 7*d. Give m(5).
-7
Let n(f) = -f**2 - 5*f - 4. Let h be n(-5). Let b(c) = 9 - 3 + 14*c**3 - 4 - 15*c**3 - 4*c**2 + 3*c. What is b(h)?
-10
Let h(a) = -2*a**2 + 6*a. Let i be 2*(-4*1/(-2) + 0). Calculate h(i).
-8
Let m(h) be the third derivative of -h**5/60 - h**4/4 + h**3/6 - 67*h**2. Calculate m(-5).
6
Let u(s) = -5*s**3 + 2*s**2 - 2*s - 1. Let m(d) = -d**3 + d**2. Let l(b) = -3*m(b) + u(b). Calculate l(-2).
15
Suppose -5*n = 2*i - 30, -2*i + 6 = 2*n - 3*n. Let a(l) = l - 5. Calculate a(i).
0
Let m(v) = 3*v + 4. Let s(w) = -4*w - 4. Suppose n = 2*n - 5. Let k(a) = n*m(a) + 4*s(a). Suppose 0 = -2*u + 5*u + 12. Give k(u).
8
Let j(h) be the first derivative of -3*h**2/2 + 6*h - 2. Let x be -3 + 0 + 4*2. Calculate j(x).
-9
Let a = 5 + -3. Let f(k) = -k - k**2 + 0*k**2 + 0*k**2 + 0*k**2. Calculate f(a).
-6
Let k(v) = 24 - 24 - v. What is k(4)?
-4
Let u(w) = -w**2 - 8*w - 6. Let a be u(-6). Let j(l) = -l + 12. Give j(a).
6
Let s(z) = -z**3 + 26*z**2 + 7. Let x be s(26). Let d(g) = -g + 1. Calculate d(x).
-6
Let u = -27 + 53. Suppose 0 = -3*f + 3*c + 3, 2*f - u = -3*c - c. Suppose -y - 2*x + f*x + 18 =